actors of (3594/(-18))/(((-5)/3)/5).
599
Let b(k) = 224*k**2 - k + 1. Let f(a) = a**2 + 12*a - 14. Let l be f(-13). List the prime factors of b(l).
2, 113
Let y(c) = -2*c**2 + 8*c - 7. Let q be y(6). Let a = -4 - q. Suppose -r - 4*g + 20 = r, -3*g = -2*r + a. What are the prime factors of r?
2, 3
Let z = -8 + 2. Let s = z + 8. What are the prime factors of ((-100)/s)/(-1 + -1)?
5
Let p = -8 - -11. Let n be -4*p*11/(-44). List the prime factors of (38/3)/(1/n).
2, 19
Suppose -17*u + 16*u + 1831 = -4*h, 2*h - 8 = 0. List the prime factors of u.
1847
Let g = -22 + 40. List the prime factors of 0 + 2 + g - 2.
2, 3
Suppose -5*g + 2*j = -156, -3*j + 7 - 1 = 0. Let t = -3 + 18. Let x = g - t. List the prime factors of x.
17
Suppose 3*n = -3*f + 12870, -2*n = -3*n + f + 4288. What are the prime factors of n?
4289
Suppose 0 = 174*s - 126*s - 170928. What are the prime factors of s?
3, 1187
Let b(j) be the third derivative of -j**5/60 - 13*j**4/24 + 7*j**3/3 + 6*j**2. Let z be b(-14). List the prime factors of z - 62/4*-2.
31
Let t(q) = -2*q**3 + q**2 + 1. Let w be t(2). Let g = 15 + w. Suppose 97 = g*s - 15. List the prime factors of s.
2, 7
Suppose 4*o = 20, 4*n + 12 = 2*o + 2. Suppose n = -3*h + 39 + 120. List the prime factors of h.
53
Let z = 33 + 17. Suppose 0 = -a - 4*a - z. Let u(o) = -o - 8. List the prime factors of u(a).
2
Suppose -7255 - 98 = -9*x. What are the prime factors of x?
19, 43
Suppose -6*h - 3 + 15 = 0. Suppose -51 = 4*w - h*a - 267, -a + 57 = w. What are the prime factors of w?
5, 11
Let d be (-14)/8*-2*2. Let l(i) = -4*i + 9. Let v(c) = c - 3. Let x(k) = d*v(k) + 2*l(k). What are the prime factors of x(-5)?
2
Let s(o) = 3*o**3 + 3*o**2 - 2. Let i be s(-2). List the prime factors of 21*10*i/(-14).
2, 3, 5, 7
Suppose 4*q = 5*s + 6, -2*q - 3*s + 5*s + 4 = 0. Suppose -i - q*i = -10. What are the prime factors of 0/(-1) - (-16)/i?
2
Let v be 3057/6 - 3/2. Suppose -2*m = -4*f - v, 523 = 4*m - 2*f - 487. List the prime factors of m.
2, 3, 7
Suppose -i + 3*i = -10, -5*f + i + 840 = 0. Suppose 4*k - 4*y = f + 157, -1 = y. List the prime factors of k.
2, 5
Let w(s) = -4*s + 2. Let b(y) = y**2 - 4*y + 3. Let r(u) = 3*b(u) - 2*w(u). Let f be r(4). Suppose -28 = -5*g + f. What are the prime factors of g?
13
Let l(s) = -s**3 - 16*s**2 + 18*s + 14. Let b be l(-20). Suppose -10*m - 364 + b = 0. List the prime factors of m.
89
Let u(w) = 2*w**3 + 59*w**2 - 45*w - 26. List the prime factors of u(-30).
2, 53
Let g be (18/15)/(2/(-10)). Let h(m) = -2 + 5*m - 16*m + 0 - m**2. What are the prime factors of h(g)?
2, 7
Let d be (0 - (-1 - -4)) + -10 + 16. Suppose -5*a = -d*i - 425, -5*i - 238 = -4*a + 102. What are the prime factors of a?
5, 17
Let h be (-3)/(-6) + 6/4. Suppose x = h*x - 97. What are the prime factors of x?
97
Suppose 4*o = -y + 3*y, -16 = -2*y - 4*o. Suppose y = 2*b, -c - 4*b + 3*b + 67 = 0. What are the prime factors of c?
5, 13
Let h = 1193 - 402. List the prime factors of h.
7, 113
Suppose 0 = -93*u + 101*u - 34472. List the prime factors of u.
31, 139
Let f(y) = y**2 + 9*y + 12. Let s be f(-8). Let m(x) = 2*x**3 - 5*x**2 + x. Let k be m(s). What are the prime factors of 2/(-8) - (-3497)/k?
67
Let j(i) = 11*i**2 - 25*i + 78. List the prime factors of j(15).
2, 3, 11
Let j(b) = b**3 + 11*b**2 + 19*b - 3. Suppose 51 - 3 = -5*k + 4*w, 4*k = -4*w - 24. List the prime factors of j(k).
37
Suppose -u - 3*k + 283 = -545, -3*u - 2*k = -2484. Suppose 0 = 10*o - 7*o - u. What are the prime factors of o?
2, 3, 23
Suppose -5747 = -38*j + 31*j. What are the prime factors of j?
821
Suppose -3*q = 0, 0*j + j - 2*q = 10. Let u be j/4 - (-9)/6. Suppose 7*h - 120 = u*h. List the prime factors of h.
2, 5
Let a be ((-2)/2)/((-1)/2). Suppose 17 = m - u, -m + a*m - 5 = -5*u. List the prime factors of (0 + 4 + m)/1.
19
Suppose -5*k = k - 8298. List the prime factors of k.
3, 461
Suppose 5*c - 6 - 4 = 0. Suppose 2*u - 5*q + 26 = 6*u, 0 = -2*u + 5*q - 2. Suppose -4*b + c*o = -218, -7*b + u*b + 3*o = -162. What are the prime factors of b?
5, 11
Let m = 2 - 0. Let k = -49 + 54. Suppose k*w - 133 = -m*w. List the prime factors of w.
19
Let g be (-31)/(-11) - (-4)/22. Suppose -g*k + 1 = 2*f + 40, -15 = 3*k. Let z = 24 + f. List the prime factors of z.
2, 3
Let j = 350 + 1111. What are the prime factors of j?
3, 487
Let j be (-145)/10 - (3/2 + -1). Let h(i) = i**3 + 10*i**2 + 2*i - 4. Let a be h(-10). Let z = j - a. What are the prime factors of z?
3
Suppose 3*m - 1032 - 1215 = 2*a, -m = -2*a - 749. List the prime factors of m.
7, 107
Suppose 0*m - m - 94 = 3*i, 246 = -3*m + 3*i. Let f = m + 151. What are the prime factors of f?
2, 3, 11
Let s = -4 - -8. Suppose -s*z + 11 = -209. What are the prime factors of z?
5, 11
Let w = -53 + 98. What are the prime factors of 1*w*22/33?
2, 3, 5
Let v be (130/6)/((-1)/(-3)). Let a = v - 35. What are the prime factors of a?
2, 3, 5
Let o = 342 - 123. List the prime factors of o.
3, 73
Let a(h) = -h + 38. Let m be a(17). Suppose -t + m + 52 = 0. List the prime factors of t.
73
Suppose -5*q + 4*v = -42, 5*q - 2*v = 3*v + 45. Suppose -1176 = -q*f - f. Suppose -5*w + f = 3*h - 0*h, -3*h = -3*w - 168. What are the prime factors of h?
2, 7
Let l(i) = 2*i - 864. Let k be l(0). List the prime factors of ((-1)/2)/(12/k).
2, 3
Suppose 24 = -0*p + 4*p. Suppose -2*d - 18 = -4*j - p, 5*j - 20 = 0. Suppose 0 = 2*o - 5*i - 29, d*o - 36 - 2 = 2*i. What are the prime factors of o?
2, 11
Suppose -60 - 36 = 6*n. What are the prime factors of n*(-1 - 2)*(-3)/(-6)?
2, 3
Let m(o) = 3*o - 25. Let r be m(7). Let k = r - -43. What are the prime factors of k?
3, 13
Let c(j) = j. Let d(u) = -2 + 7 + 10*u + 6. Let q(n) = 4*c(n) - d(n). What are the prime factors of q(-9)?
43
Let y(t) = t**3 - 7*t**2 + 7*t - 2. Let c be (2 + -5)*(1 - 2). Suppose -5*d = -3*u - 29, 2*u = -c*d - d + 32. What are the prime factors of y(d)?
47
Suppose -8*n + 10 = -6*n - 4*l, 0 = -5*n - 5*l + 25. Suppose -2*u = t - 5*u - 92, n*u = 3*t - 264. List the prime factors of t.
83
Let d be (-2)/(-2*(-2)/(-6)). Suppose -3*l + 5*a + 166 = d, -3*l - 3*a = -123. List the prime factors of l.
2, 23
Let o(s) = -s**2 - 10*s + 26*s + 4 - 3. What are the prime factors of o(11)?
2, 7
Let b = 232 - 56. Suppose -4 = -u, 8*u = -5*c + 4*u + b. List the prime factors of c.
2
Suppose -14 = 4*t + 2, t = -2*l + 8. Let v be l/(-5)*10/(-3). Suppose b - 3*b + 46 = -v*i, -i = 0. What are the prime factors of b?
23
Let p(i) = i**3 + 12*i**2 - i - 10. Let v be p(-12). Let w be (3*1)/(2/2). Suppose d - 45 = 4*n, w*d = n + v*n + 117. What are the prime factors of d?
37
Suppose 5 = -f - x, 0 = f + x + 3*x + 2. Let u be (-544)/f + (-12)/18. List the prime factors of (-6)/(-5)*u/4.
3
Suppose -18*n = -7*n - 33. Suppose 2*f = 3*f - 91. Suppose -5*q = -4*c + 119, -f = -n*c + q + q. List the prime factors of c.
31
Let r = -50 - -96. Let u = r + 1. What are the prime factors of u?
47
Let i = -35 + 34. What are the prime factors of (i - 0)/((-21)/735)?
5, 7
Suppose 0 = 2*g - 408 + 74. Let h = g + -86. List the prime factors of h.
3
Let j be (-6)/(-4) + (-4)/8. List the prime factors of (26/(-65))/(j/(-220)).
2, 11
Let n = -65 - -75. What are the prime factors of 2362/n - ((-64)/(-20) - 3)?
2, 59
Suppose -475*u + 14984 = -467*u. What are the prime factors of u?
1873
Let n = -26 + 65. Suppose n = 3*a - 42. What are the prime factors of a?
3
Suppose 0 = -2*j - 5*d + 2411, 2*j + 2*j - 4813 = -d. Suppose -10*h = -37 - j. What are the prime factors of h?
2, 31
Let h(g) be the second derivative of 5*g**4/12 + g**3/6 - 3*g**2/2 - 2*g. Let n be (20/(-6) - -4)*6/(-2). List the prime factors of h(n).
3, 5
Let k be (5 + 4)*(-2)/(-6). Suppose -4*p + 2*h = -468, -k*h + h = -5*p + 584. List the prime factors of p.
2, 29
Let u(d) = -2*d - 10. Let z be u(-5). Let r = 6 - z. List the prime factors of r.
2, 3
Let o(s) = -s**2 + 8*s - 7. Let j be o(7). Suppose -4*r = 3*t - 8, j = -5*r + r - 16. Let x(u) = u**2 - 7*u + 6. What are the prime factors of x(t)?
2, 7
Let g(f) = 26 - 2 - 5 + 18*f**2 - 11. List the prime factors of g(-3).
2, 5, 17
Let m = 3765 - 2484. List the prime factors of m.
3, 7, 61
Let r(x) = -x**2 - 2*x + 2. Let z be r(-2). Suppose 3*b = 8*b. Suppose b = 2*y + z*g - 20, 6 = 4*g + 2. List the prime factors of y.
3
Let